-38. Let x = 716 - 716. Suppose 5*f = -2*w + t, -2*w = -f - x*f. Determine c(f).
-7
Let a(n) = -n + 50 - 29 - 26. What is a(-8)?
3
Let q(f) = f**2 + 2*f**2 - 2*f**3 + 3 + 202*f + 213*f - 417*f. Let n(v) = v + 7. Let o be n(-5). Calculate q(o).
-5
Suppose 3*h - 1 = 8. Let y(x) = -7 - 11 - h + 28 - 3*x. Determine y(5).
-8
Suppose 2*f = 3*x - 25, -2*x + 3*f + 6 = -4. Let m = 13 - x. Let l(k) = 13*k**2 - 12*k**2 - m + 6*k - 1. Give l(-6).
-3
Let l be -10*(36/10 + -4). Suppose 28 = l*t - 2*h, 5*h = -4*t - 0*h + 56. Let o(f) = -2 - 1 - t*f + 11*f - f**2. What is o(2)?
-3
Let f(t) = 2*t**2 - 13*t - 5. Let m = -1723 - -1730. Give f(m).
2
Let f(d) = -d - 48. Let g be f(-40). Let q(h) = h**2 + 9*h + 2. Determine q(g).
-6
Let v(t) = -5 + 5 + 6 - t. Let x be 7 + (-2 - 0) - 4. Let a be 7 - (4/(-4) + x). Calculate v(a).
-1
Let f(s) = -s**3 + s. Let t(g) = -g**3 + 6*g**2 + 8*g + 3. Let v(p) = 2*f(p) - t(p). What is v(-5)?
2
Let d(o) = -8*o**2 - o. Suppose 0 = -5*x + 2*f + 2*f + 204, 0 = -2*x + 5*f + 85. Let r be ((-1)/(-2))/(4/x*5). What is d(r)?
-9
Let s(d) = d**2 - 13*d + 14. Let n be 3 + (-8)/(64/(-72)). Calculate s(n).
2
Suppose -14*f + 108 = -5*f. Let b(y) = y**3 - 13*y**2 + 11*y + 17. Give b(f).
5
Let c(s) be the third derivative of 0 - 26*s**2 + 0*s + 1/24*s**4 - 3/20*s**5 - 1/120*s**6 + 0*s**3. Give c(-9).
-9
Suppose 0*f + 8 = 2*f. Let i(o) = o**2. Let l(u) = 2*u**2 - 1 - 4*u**2 - 4. Let t(a) = 3*i(a) + l(a). What is t(f)?
11
Let d(a) = -2*a**2 - 32*a + 2. Let v be d(-16). Let l(k) = v*k**2 - 2 + 5 - 1 - 5*k. Let f = -9 - -13. What is l(f)?
14
Let w(b) = -b**3 + b**2 - 2*b + 1. Let a be 154/(-88) + ((-95)/(-20) - 5). Determine w(a).
17
Let j(o) = 3*o + 11. Let k(s) = -4 + 3*s - 5*s + s. Let w = -17 - -21. Let g(d) = w*j(d) + 11*k(d). What is g(-2)?
-2
Let d(j) be the third derivative of -j**4/24 - 2*j**3/3 + 7*j**2. Suppose 10 = x - 1. Suppose 9 - x = n. What is d(n)?
-2
Suppose 6 = 2*w - 0. Let i be w*(0 + (-16)/12). Let y(n) = -n**2 - 6*n - 2. Give y(i).
6
Suppose -2*g + 3 + 13 = 0. Suppose 6*k - g = 2*k. Let h(v) = -2 + 4*v**2 - 3*v**2 - 140*v + v**3 + 139*v + 0*v**2. What is h(k)?
8
Let m(h) be the third derivative of h**6/120 - h**5/10 - h**4/6 - 7*h**3/6 + 15*h**2. Give m(6).
-31
Suppose -n = 2*n + 12. Let j(f) be the second derivative of f**5/20 + f**4/3 - f**3/6 - 2*f**2 - 6*f - 4. Give j(n).
0
Let d(t) = t + 4. Let j be -5 - (12*-1)/4. Let r be d(j). Let x(q) = 7 + 5 - 3 + q**r - 7*q. Calculate x(7).
9
Let l(i) be the third derivative of -i**6/120 - i**5/30 - i**4/8 + i**3/6 + 5*i**2 - 2. Calculate l(-3).
19
Let t(r) = -r**2 + 3*r - 2. Let s(b) = -b + 2. Let o be s(4). Let l be o/8 + (-102)/(-24). Give t(l).
-6
Let o(d) = 3*d + 19. Let r be o(-7). Let u(w) = -7 + 1 - 3*w + 0 + 8. What is u(r)?
8
Let y(v) = -3*v**2 + 10*v + 7. Let h(i) = 2*i**2 - 5*i - 4. Let m(o) = 5*h(o) + 3*y(o). Let n = 9319 + -9323. Give m(n).
-3
Let o(u) = u**2 - 13*u - 30. Let g be o(15). Suppose a - 3*a - m - 7 = 0, 4*a - 5*m + 49 = g. Let n(p) = p**2 + 6*p + 7. What is n(a)?
7
Let w(g) = 3*g - 4. Let v(n) = 5 - n**3 - 6 + 4 - 8*n - 9*n**2. Let j be v(-8). What is w(j)?
5
Let k(i) = -9*i - 1. Let o(g) = -10*g - 1. Let w(x) = 3*k(x) - 2*o(x). What is w(1)?
-8
Let w(t) = -6 + 8*t - 7*t + 6*t - t**2. Suppose q - 2*v - 3 = 0, 4*q = -v - 2*v + 23. Calculate w(q).
4
Let m be (-2)/11 - 430/55. Let h(g) = -g**3 + g**2 + g. Let c(f) = -6*f**3 - 4*f**2 - 3*f. Let j(s) = -c(s) + 5*h(s). What is j(m)?
0
Let b(g) = -6*g + 8. Let r be 40/12 + (-1)/3. Suppose 5*c = r*c - 2. Let u(s) = s - 1. Let v(w) = c*b(w) - 5*u(w). Determine v(0).
-3
Let k(s) be the third derivative of 12*s**2 + 2*s + 0*s**4 + 1/60*s**5 + 0 + 1/3*s**3. What is k(-5)?
27
Let l(s) = -41*s**2 + 6*s - 2. Let p(a) = 15*a**2 - 2*a + 1. Let x(q) = 4*l(q) + 11*p(q). Determine x(0).
3
Suppose g + 4*g = 3*q - 26, -3*q - 2 = 2*g. Let y(s) = s + 0 - 5*s + 5*s - q. Give y(-2).
-4
Let j(t) = 0 - 20*t + 10 - 14*t + t**2 + 26*t. Give j(7).
3
Let p(w) = -w**3 + 3*w**2 - w + 4. Let t = -7 + 9. Suppose 76 = -4*j - t*f - f, -j = 3*f + 28. Let m = j - -19. What is p(m)?
1
Let j(r) = -19*r - 12. Let k(t) = -6*t - 4. Let u(c) = 2*j(c) - 7*k(c). Suppose 0 = 2*y - 4*s + 8, -2*y = -s + 5 + 3. What is u(y)?
-12
Suppose -t - 4*t + 20 = 0. Let a(y) be the second derivative of -y**3/2 - y**2 - 2*y + 31. Give a(t).
-14
Let p = 6 + -6. Suppose p*f - 3*r + 41 = 4*f, -4*f - r = -51. Let b(v) = v - 12. Let s be b(f). Let h(c) = -c**2 - 2*c + 2. Determine h(s).
-6
Let g(n) = -4*n**3 + 2*n**2. Let l(r) = r**3 - r**2 + 1. Let v(a) = g(a) + 3*l(a). Give v(0).
3
Let z(m) = 5 + 3*m + 3 - m. Determine z(-6).
-4
Let t be 1 + (-33)/(-9)*3. Let q(g) = -2 - g + t - 5. Give q(6).
-1
Let s(o) = -9*o**2 - o + 1. Let a(d) be the second derivative of d**4/12 - d**3/3 - d**2 - 2*d. Let b be a(3). Determine s(b).
-9
Let s = -148/7 + 17767/840. Let y(f) be the third derivative of -4*f**2 + 0*f - s*f**6 - 1/15*f**5 + 5/24*f**4 + 0 - 1/2*f**3. What is y(-5)?
-3
Let s(o) = 7*o**2 - 3*o + 2. Suppose 14*p + 4 = 16*p. Determine s(p).
24
Let f(r) = -21*r + 34*r - 21*r - r**2 + 0*r**2. Calculate f(-7).
7
Let l(j) = j + 3. Let x(z) = -1. Let f(w) = -3*l(w) - 4*x(w). Calculate f(7).
-26
Let o(t) = 13*t - 16. Let h(v) = -28*v + 33. Let g(s) = 6*h(s) + 13*o(s). Let b = -57 - -57. What is g(b)?
-10
Suppose 4*k + 0*k = 5*s - 36, 0 = -2*k - 2*s - 18. Let h(f) = -f**3 - 9*f**2 - 3*f + 2. Give h(k).
29
Let t(c) = -2*c. Let v be (-12 - (-6 + 1)) + 0. Give t(v).
14
Let r(g) = 8*g**2 - 36*g + 11. Let j(t) = 13*t**2 - 55*t + 17. Let a(p) = -5*j(p) + 8*r(p). Give a(-8).
43
Let q(i) = -4*i + 2. Let l(n) = 1. Let b(m) = m - 6. Let j(p) = -b(p) - 6*l(p). Let s(h) = -5*j(h) + q(h). Determine s(-3).
-1
Let u be (0/2 - -1) + 3. Suppose 2*f = o, 3*o - f + 3 = u*o. Suppose 5*z + 4*a - 31 = -6, o*a = -3*z + 13. Let p(x) = -7*x**3 + x**2. Calculate p(z).
-6
Let t(g) = 9*g**2 + 2*g - 1. Let l(u) = -u**3 + 6*u**2 - 6*u + 6. Let d be l(5). Let z be t(d). Let m(c) = -z*c - 7 + c**2 + 10*c. What is m(0)?
-7
Let d(y) = -2*y**3 - 65*y**2 - 8*y - 6. Let l(m) = m**3 + 35*m**2 + 4*m + 3. Let v(b) = 6*d(b) + 11*l(b). Suppose -16 = 5*f - f. Determine v(f).
-3
Suppose -l = b - 6, l - 6 = 4*b - l. Let v(q) = 5*q - q - 9*q - b + 4*q. What is v(3)?
-4
Suppose -18*d - 218 - 16 = 0. Let w(s) = -s**2 - 14*s - 16. Give w(d).
-3
Let r(m) = -m**2 + 4*m + 5. Let c(l) = -l**2 - 9*l - 4. Let i be c(-5). Suppose -41*z - i = -45*z. What is r(z)?
5
Let r(t) = 15*t**3 + 1. Let w(k) = k**3 - 4*k + 2. Let n be w(1). Give r(n).
-14
Let b(a) = -a + 4. Let p(o) = -o - 11. Let n be p(-14). Give b(n).
1
Let b = 327 + -335. Let h(c) = c**2 + 10*c - 1. Give h(b).
-17
Let n(p) = -p**3 - 7*p**2 + 5. Let a be (-48)/7 - 19/133. What is n(a)?
5
Let i be 6 - 9 - (-8)/2. Let f(v) = i + 56*v - 55*v + 2. Calculate f(-4).
-1
Let x(d) = 4*d**3 - 34*d**2 - 13*d - 32. Let i(a) = -3*a**3 + 23*a**2 + 9*a + 21. Let l(k) = -7*i(k) - 5*x(k). Let c = 783 + -792. Calculate l(c).
-5
Let i = -1175 + 1176. Let a(b) = b - 1. Let g(s) = s. Let t(x) = a(x) - 6*g(x). Give t(i).
-6
Let l(s) be the second derivative of s**5/20 + s**4/3 - 2*s**3/3 - 2*s**2 - 42*s + 2. Calculate l(-5).
-9
Let l be 5/(30/2)*6. Let s(b) = -b**2 - 3*b**2 - b**l + 6*b + b**3 - 4*b - 3. Give s(5).
7
Let z(f) = 4174*f**2 - 3*f + 3 + 0*f - 4174*f**2 - 4*f**3. Give z(2).
-35
Let r = 19 + -17. Suppose r*b - b + 12 = 4*q, b - 6 = -2*q. Let j(g) = g**3 - 2*g**2 + 2*g + 1. Calculate j(q).
16
Let n = 20 + -16. Suppose n*x - 4 = 2*x. Suppose 0*y + x = y. Let m(l) = 4*l**2 - 2*l + 2. Determine m(y).
14
Let w be (125/15 - 3) + (-2)/6. Suppose w*r - 7 = -2. Let x(s) = 12*s - 1. Give x(r).
11
Let n = -1011 + 1018. Let r(w) = w**3 - 7*w**2 - 2*w - 8. Give r(n).
-22
Let z be 1 + 6 - (-5)/((-5)/2). Suppose z*a = -5*u + 55, 0*a - 16 = -4*a. Let o(s) = -s**3 + 6*s**2 + 7*s + 10. Calculate o(u).
10
Let t(c) = -4*c + 19. Let i(p) = -128*p - 883. Let w be i(-7). What is t(w)?
-33
Let h(x) = -x**2 + 4*x + 18. Let w be 64/10 + 222/370. Give h(w).
-3
Let r(g) be the first derivative of -28 + 5 - 9 - 50*g**3 + 49*g**3. Calculate r(1).
-3
Let g(f) = -19*f**2 + f - 2. Let c(d) = -3*d**3 - 15*d**2 + d + 6. Let z be c(-5). What is g(z)?
-20
Let c(m) = 5 - 2*m + 88*m**2 + m - 44*m**2 - m**3 - 49*m**2. Calculat